216063.
3, 24007
List the prime factors of 276842.
2, 149, 929
List the prime factors of 3532.
2, 883
List the prime factors of 1596723.
3, 532241
What are the prime factors of 1612959?
3, 223, 2411
List the prime factors of 642298.
2, 23, 13963
List the prime factors of 336690.
2, 3, 5, 29, 43
List the prime factors of 4854504.
2, 3, 83, 2437
What are the prime factors of 9738543?
3, 797, 4073
What are the prime factors of 3903730?
2, 5, 390373
What are the prime factors of 8182706?
2, 7, 83497
What are the prime factors of 365438?
2, 73, 2503
What are the prime factors of 475505?
5, 95101
What are the prime factors of 13646772?
2, 3, 126359
List the prime factors of 64196.
2, 11, 1459
List the prime factors of 760580.
2, 5, 17, 2237
What are the prime factors of 497197?
497197
What are the prime factors of 277523?
191, 1453
What are the prime factors of 343907?
241, 1427
What are the prime factors of 223292?
2, 55823
List the prime factors of 226096.
2, 13, 1087
What are the prime factors of 1780839?
3, 65957
What are the prime factors of 523175?
5, 17, 1231
List the prime factors of 491598.
2, 3, 31, 881
List the prime factors of 33584.
2, 2099
What are the prime factors of 19065564?
2, 3, 7, 25219
What are the prime factors of 568958?
2, 13, 79, 277
List the prime factors of 13300341.
3, 17, 260791
List the prime factors of 723457.
7, 181, 571
List the prime factors of 31587.
3, 10529
What are the prime factors of 1013040?
2, 3, 5, 7, 67
List the prime factors of 6134720.
2, 5, 19, 1009
List the prime factors of 223500.
2, 3, 5, 149
What are the prime factors of 21183846?
2, 3, 1879
List the prime factors of 3514491.
3, 390499
What are the prime factors of 247156?
2, 7, 13, 97
List the prime factors of 375342.
2, 3, 11, 47
What are the prime factors of 223726?
2, 111863
What are the prime factors of 16031110?
2, 5, 1603111
List the prime factors of 508964.
2, 127241
What are the prime factors of 1289184?
2, 3, 13, 1033
What are the prime factors of 7392406?
2, 7, 19, 27791
What are the prime factors of 18581808?
2, 3, 7, 29, 1907
What are the prime factors of 2139210?
2, 3, 5, 19, 139
List the prime factors of 2054847.
3, 684949
What are the prime factors of 649222?
2, 7, 79, 587
List the prime factors of 164492.
2, 17, 41, 59
What are the prime factors of 26215564?
2, 17, 41, 9403
List the prime factors of 234833.
234833
What are the prime factors of 1102092?
2, 3, 91841
List the prime factors of 1431587.
17, 84211
List the prime factors of 155902.
2, 77951
List the prime factors of 4039391.
4039391
What are the prime factors of 3864?
2, 3, 7, 23
What are the prime factors of 8097612?
2, 3, 29, 23269
List the prime factors of 443653.
7, 61, 1039
List the prime factors of 291466.
2, 7, 109, 191
What are the prime factors of 1633223?
1633223
List the prime factors of 204210.
2, 3, 5, 2269
List the prime factors of 188276.
2, 11, 389
List the prime factors of 7975960.
2, 5, 199399
What are the prime factors of 2806778?
2, 13, 41, 2633
List the prime factors of 47552.
2, 743
What are the prime factors of 15332036?
2, 3833009
List the prime factors of 43332.
2, 3, 23, 157
What are the prime factors of 2995847?
73, 41039
List the prime factors of 7552303.
11, 23, 29851
List the prime factors of 2207412.
2, 3, 757
What are the prime factors of 571529?
7, 81647
List the prime factors of 5773679.
5773679
List the prime factors of 294054.
2, 3, 49009
List the prime factors of 1865432.
2, 251, 929
What are the prime factors of 1229305?
5, 7, 11, 31, 103
List the prime factors of 2118474.
2, 3, 1453
What are the prime factors of 1702689?
3, 41, 109, 127
What are the prime factors of 720989?
89, 8101
What are the prime factors of 290489?
290489
What are the prime factors of 9105270?
2, 3, 5, 367, 827
List the prime factors of 234597.
3, 11, 7109
What are the prime factors of 235782?
2, 3, 13099
What are the prime factors of 7775745?
3, 5, 151, 3433
What are the prime factors of 877793?
7, 125399
List the prime factors of 314671.
7, 44953
List the prime factors of 380794.
2, 47, 4051
What are the prime factors of 701825?
5, 67, 419
List the prime factors of 3231076.
2, 59, 13691
What are the prime factors of 4966448?
2, 17, 19, 31
What are the prime factors of 13139115?
3, 5, 11, 79631
What are the prime factors of 9221885?
5, 1844377
What are the prime factors of 1117090?
2, 5, 13, 661
List the prime factors of 1024903.
11, 23, 4051
What are the prime factors of 14008688?
2, 875543
What are the prime factors of 1189870?
2, 5, 11, 29, 373
List the prime factors of 655995.
3, 5, 101, 433
List the prime factors of 622131.
3, 207377
What are the prime factors of 744712?
2, 93089
List the prime factors of 337374.
2, 3, 18743
List the prime factors of 13942792.
2, 181, 9629
List the prime factors of 143387.
143387
What are the prime factors of 1034910?
2, 3, 5, 3833
What are the prime factors of 285359?
461, 619
What are the prime factors of 5355098?
2, 7, 382507
What are the prime factors of 11887263?
3, 440269
List the prime factors of 50449.
7, 7207
List the prime factors of 466753.
7, 131, 509
List the prime factors of 15685535.
5, 31, 101197
What are the prime factors of 4694161?
4694161
List the prime factors of 201688.
2, 17, 1483
List the prime factors of 936707.
179, 5233
List the prime factors of 288708.
2, 3, 7, 491
What are the prime factors of 465644?
2, 116411
What are the prime factors of 583409?
583409
What are the prime factors of 858993?
3, 17, 16843
List the prime factors of 12540428.
2, 23, 136309
List the prime factors of 1384600.
2, 5, 7, 23, 43
What are the prime factors of 268769?
397, 677
List the prime factors of 129078.
2, 3, 71, 101
What are the prime factors of 27433195?
5, 47, 107, 1091
What are the prime factors of 1570738?
2, 13, 60413
What are the prime factors of 189967?
189967
What are the prime factors of 703678?
2, 193, 1823
List the prime factors of 809135.
5, 41, 3947
List the prime factors of 11714851.
11714851
List the prime factors of 255626.
2, 7, 19, 31
What are the prime factors of 340042?
2, 170021
List the prime factors of 8241.
3, 41, 67
What are the prime factors of 2442441?
3, 17, 83, 577
List the prime factors of 5582614.
2, 79, 89, 397
What are the prime factors of 6174778?
2, 73, 42293
List the prime factors of 2282256.
2, 3, 587
What are the prime factors of 496961?
17, 23, 31, 41
What are the prime factors of 2685601?
2685601
List the prime factors of 14589.
3, 1621
What are the prime factors of 1736136?
2, 3, 24113
What are the prime factors of 1514486?
2, 757243
List the prime factors of 81762.
2, 3, 13627
What are the prime factors of 12853006?
2, 19, 338237
What are the prime factors of 337546?
2, 11, 67, 229
List the prime factors of 402542.
2, 7, 28753
List the prime factors of 9260591.
613, 15107
List the prime factors of 1101816.
2, 3, 5101
List the prime factors of 169871.
13, 73, 179
What are the prime factors of 732510?
2, 3, 5, 2713
List the prime factors of 10816466.
2, 5408233
List the prime factors of 136002.
2, 3, 19, 1193
List the prime factors of 387045.
3, 5, 47, 61
List the prime factors of 3762298.
2, 227, 8287
What are the prime factors of 28220887?
28220887
What are the prime factors of 1878854?
2, 463, 2029
What are the prime factors of 34930970?
2, 5, 1861, 1877
What are the prime factors of 418812?
2, 3, 17, 2053
What are the prime factors of 319539?
3, 11, 23, 421
List the prime factors of 1773030.
2, 3, 5, 7, 8443
List the prime factors of 3694777.
691, 5347
What are the prime factors of 564578?
2, 7, 823
List the prime factors of 2132975.
5, 13, 6563
What are the prime factors of 687905?
5, 17, 8093
What are the prime factors of 8628028?
2, 2157007
What are the prime factors of 17511820?
2, 5, 875591
What are the prime factors of 4000152?
2, 3, 13, 12821
List the prime factors of 19170.
2, 3, 5, 71
List the prime factors of 10273318.
2, 11, 23, 79, 257
List the prime factors of 6872373.
3, 763597
List the prime factors of 915335.
5, 183067
List the prime factors of 352074.
2, 3, 58679
What are the prime factors of 409549?
7, 41, 1427
List the prime factors of 709949.
29, 24481
What are the prime factors of 150513?
3, 11, 4561
List the prime factors of 49076.
2, 12269
Li